 the thousands digit of 4190?
4
What is the units digit of 22221?
1
What is the tens digit of 6254?
5
What is the tens digit of 2825?
2
What is the hundreds digit of 27782?
7
What is the units digit of 36271?
1
What is the units digit of 764?
4
What is the hundred thousands digit of 108601?
1
What is the thousands digit of 69708?
9
What is the thousands digit of 1526?
1
What is the tens digit of 5182?
8
What is the units digit of 172?
2
What is the ten thousands digit of 12160?
1
What is the ten thousands digit of 40371?
4
What is the tens digit of 1498?
9
What is the ten thousands digit of 18726?
1
What is the tens digit of 6453?
5
What is the thousands digit of 9712?
9
What is the thousands digit of 8819?
8
What is the ten thousands digit of 128346?
2
What is the tens digit of 700?
0
What is the units digit of 11272?
2
What is the ten thousands digit of 24489?
2
What is the tens digit of 988?
8
What is the ten thousands digit of 18969?
1
What is the hundreds digit of 9932?
9
What is the tens digit of 509?
0
What is the tens digit of 8803?
0
What is the thousands digit of 1350?
1
What is the ten thousands digit of 22127?
2
What is the units digit of 8021?
1
What is the hundreds digit of 20534?
5
What is the thousands digit of 31702?
1
What is the units digit of 1175?
5
What is the thousands digit of 1040?
1
What is the units digit of 911?
1
What is the units digit of 461?
1
What is the thousands digit of 11098?
1
What is the tens digit of 929?
2
What is the hundreds digit of 378?
3
What is the units digit of 119781?
1
What is the thousands digit of 3168?
3
What is the thousands digit of 6026?
6
What is the thousands digit of 54392?
4
What is the hundreds digit of 5277?
2
What is the hundreds digit of 90932?
9
What is the hundreds digit of 64549?
5
What is the units digit of 27990?
0
What is the units digit of 45334?
4
What is the hundreds digit of 8639?
6
What is the tens digit of 11622?
2
What is the tens digit of 2638?
3
What is the tens digit of 13719?
1
What is the units digit of 519?
9
What is the units digit of 3?
3
What is the tens digit of 1308?
0
What is the thousands digit of 22983?
2
What is the tens digit of 360?
6
What is the units digit of 11524?
4
What is the thousands digit of 1316?
1
What is the hundreds digit of 6972?
9
What is the thousands digit of 36302?
6
What is the tens digit of 45251?
5
What is the hundreds digit of 1327?
3
What is the tens digit of 33249?
4
What is the thousands digit of 14765?
4
What is the units digit of 219?
9
What is the tens digit of 177?
7
What is the hundreds digit of 3259?
2
What is the ten thousands digit of 42131?
4
What is the ten thousands digit of 45558?
4
What is the thousands digit of 39978?
9
What is the tens digit of 348?
4
What is the thousands digit of 17551?
7
What is the thousands digit of 1239?
1
What is the tens digit of 5900?
0
What is the tens digit of 507?
0
What is the hundreds digit of 13910?
9
What is the thousands digit of 24998?
4
What is the units digit of 2182?
2
What is the hundreds digit of 8101?
1
What is the units digit of 6119?
9
What is the units digit of 3854?
4
What is the ten thousands digit of 69822?
6
What is the hundreds digit of 120199?
1
What is the thousands digit of 1390?
1
What is the units digit of 795?
5
What is the units digit of 3349?
9
What is the units digit of 13295?
5
What is the tens digit of 38317?
1
What is the thousands digit of 61027?
1
What is the thousands digit of 9320?
9
What is the tens digit of 26197?
9
What is the hundreds digit of 12376?
3
What is the thousands digit of 3445?
3
What is the thousands digit of 37716?
7
What is the hundreds digit of 1806?
8
What is the thousands digit of 6513?
6
What is the units digit of 37204?
4
What is the units digit of 17406?
6
What is the units digit of 1159?
9
What is the ten thousands digit of 46327?
4
What is the thousands digit of 6969?
6
What is the thousands digit of 10370?
0
What is the units digit of 1493?
3
What is the thousands digit of 9331?
9
What is the units digit of 3828?
8
What is the hundreds digit of 22517?
5
What is the tens digit of 93?
9
What is the hundreds digit of 123?
1
What is the hundreds digit of 13668?
6
What is the thousands digit of 24900?
4
What is the units digit of 9044?
4
What is the units digit of 3087?
7
What is the tens digit of 17853?
5
What is the ten thousands digit of 113129?
1
What is the tens digit of 74126?
2
What is the tens digit of 10669?
6
What is the thousands digit of 12863?
2
What is the units digit of 1300?
0
What is the units digit of 235?
5
What is the tens digit of 68?
6
What is the units digit of 14466?
6
What is the units digit of 64285?
5
What is the hundreds digit of 701?
7
What is the units digit of 268?
8
What is the thousands digit of 31539?
1
What is the units digit of 11916?
6
What is the tens digit of 9501?
0
What is the tens digit of 6604?
0
What is the hundreds digit of 1125?
1
What is the hundreds digit of 488?
4
What is the thousands digit of 4876?
4
What is the units digit of 3027?
7
What is the tens digit of 1806?
0
What is the tens digit of 80046?
4
What is the units digit of 5320?
0
What is the hundreds digit of 117?
1
What is the tens digit of 504?
0
What is the hundreds digit of 3762?
7
What is the thousands digit of 25260?
5
What is the thousands digit of 59522?
9
What is the hundreds digit of 588?
5
What is the tens digit of 13443?
4
What is the tens digit of 73597?
9
What is the thousands digit of 1720?
1
What is the tens digit of 46644?
4
What is the tens digit of 3470?
7
What is the tens digit of 585?
8
What is the units digit of 655?
5
What is the hundreds digit of 2635?
6
What is the hundreds digit of 3372?
3
What is the units digit of 103669?
9
What is the thousands digit of 48421?
8
What is the units digit of 652?
2
What is the units digit of 88754?
4
What is the tens digit of 166709?
0
What is the units digit of 64?
4
What is the units digit of 1652?
2
What is the hundreds digit of 2485?
4
What is the hundreds digit of 804?
8
What is the units digit of 33321?
1
What is the units digit of 313?
3
What is the thousands digit of 5533?
5
What is the units digit of 606?
6
What is the thousands digit of 12192?
2
What is the tens digit of 5020?
2
What is the tens digit of 46?
4
What is the hundreds digit of 1060?
0
What is the hundreds digit of 575?
5
What is the units digit of 4216?
6
What is the units digit of 12089?
9
What is the thousands digit of 3311?
3
What is the hundreds digit of 3497?
4
What is the units digit of 73919?
9
What is the hundreds digit of 2000?
0
What is the hundreds digit of 465?
4
What is the units digit of 64333?
3
What is the units digit of 3237?
7
What is the hundreds digit of 2492?
4
What is the hundreds digit of 2450?
4
What is the tens digit of 14665?
6
What is the ten thousands digit of 11205?
1
What is the ten thousands digit of 18164?
1
What is the units digit of 95084?
4
What is the tens digit of 10814?
1
What is the tens digit of 2418?
1
What is the thousands digit of 1363?
1
What is the hundreds digit of 864?
8
What is the tens digit of 41612?
1
What is the units digit of 71038?
8
What is the ten thousands digit of 181738?
8
What is the thousands digit of 2649?
2
What is the units digit of 943?
3
What is the thousands digit of 5062?
5
What is the tens digit of 390?
9
What is the hundreds digit of 32704?
7
What is the thousands digit of 5248?
5
What is the tens digit of 428?
2
What is the tens digit of 9547?
4
What is the tens digit of 3177?
7
What is the thousands digit of 3721?
3
What is the thousands digit of 1180?
1
What is the tens digit of 12420?
2
What is the units digit of 97?
7
What is the thousands digit of 10920?
0
What is the thousands digit of 22434?
2
What is the units digit of 1408?
8
What is the tens digit of 2216?
1
What is the units digit of 20242?
2
What is the ten thousands digit of 11149?
1
What is the units digit of 960?
0
What is the tens digit of 8518?
1
What is the units digit of 24?
4
What is the units digit of 1180?
0
What is the hundreds digit of 375?
3
What is the tens digit of 3984?
8
What is the tens digit of 2228?
2
What is the tens digit of 45191?
9
What is the thousands digit of 138339?
8
What is the tens digit of 31314?
1
What is the tens digi